 = 7*x - 14630. What are the prime factors of z?
2, 2441
Let q = 8251 - 2350. What are the prime factors of q?
3, 7, 281
Let k(o) = -o**2 + 3*o - 1. Let c be 37/13 + 26/169. Let a be k(c). List the prime factors of (-17*5*a)/1.
5, 17
Let v(x) = -112*x**3 - x**2 + 19*x - 24. What are the prime factors of v(-6)?
2, 3, 4003
Suppose 378 = 2*i - h + 6*h, 4*h = i - 189. Let w = i - 134. What are the prime factors of w?
5, 11
Let i(x) = 21*x**2 - 3*x + 3. Let r be i(4). Suppose 4*j + j = 25, 0 = -5*v + 2*j + 910. Let t = r - v. List the prime factors of t.
11, 13
Let u = 24301 - 14386. What are the prime factors of u?
3, 5, 661
Let c = 12364 - 8315. List the prime factors of c.
4049
Let p = 5076 + -114. What are the prime factors of p?
2, 3, 827
List the prime factors of 22 + (-17 - 1) - -27*1028.
2, 5, 347
Let t(r) = r**3 + 5*r**2 - 21*r + 13. Suppose -2 = -2*w - 6, 5*h + 2*w = 31. List the prime factors of t(h).
2, 227
Let a = 289 + 187. Suppose -2*u - 2*z + a = 0, -4*u + 1164 = 2*z + 210. List the prime factors of u.
239
Let v(c) = -46235*c - 38. What are the prime factors of v(-1)?
3, 29, 59
Suppose 3*q + 2*j = 5504, -14*q - 3678 = -16*q + 3*j. List the prime factors of q.
2, 3, 17
Suppose 0 = -i - 9*b + 7*b + 3082, 2*i - 5*b = 6155. List the prime factors of i.
2, 5, 7, 11
Suppose 2*a = 6*q + 28436, -3*a + 7*a - 56827 = 3*q. List the prime factors of a.
7, 2029
Suppose 32*h + 88*h - 3987 - 302253 = 0. What are the prime factors of h?
2, 11, 29
Let s(t) = -1467*t + 3245. What are the prime factors of s(-8)?
71, 211
What are the prime factors of (1 - (-8)/(-4))/((-27)/3159)?
3, 13
Let u(b) = -17*b**2 + 118*b + 10. Let j be u(7). Suppose -5*x - j*w = -8*w - 4265, 0 = 5*x + w - 4271. What are the prime factors of x?
2, 7, 61
Let c(f) = -377*f + 275. List the prime factors of c(-18).
23, 307
Let y = 106 - 102. Suppose -y*x + p - 3 = 0, 1 + 5 = 2*p. Suppose x = -9*z + 10*z - 144. List the prime factors of z.
2, 3
Let g(f) = f**3 + 4*f**2 + f - 2. Let z be g(-3). Suppose z*r = 1536 - 436. Suppose 5*c - 715 + r = 0. What are the prime factors of c?
2, 11
Let i = -17284 + 52912. What are the prime factors of i?
2, 3, 2969
Let m(r) be the third derivative of -17*r**4/8 + 3*r**3/2 - 10*r**2. Let z be m(5). What are the prime factors of z/(-4) + (-3 - (-15)/6)?
61
Suppose -6*w + 1567 = 67. Suppose 0 = -43*g + 38*g + w. Suppose -44*k - 354 = -g*k. What are the prime factors of k?
59
What are the prime factors of 10081478/1694 - 2/7?
11, 541
Suppose 5*d - 18 = -3. Suppose -l - d*u - 2*u = -67, -5*l = 5*u - 315. Let a = l - -42. List the prime factors of a.
2, 13
Let t(m) = -11*m**3 + 19*m**2 - 2*m + 89. What are the prime factors of t(-10)?
13009
Let n be (-26709)/(-7) - 3 - (-6)/14. Suppose 6*r = n + 3315. List the prime factors of r.
2, 3, 11
Let i(u) = -8*u**2 + 32*u - 25. Let a(v) = 3*v**2 - 11*v + 8. Let w(t) = 11*a(t) + 4*i(t). What are the prime factors of w(7)?
2, 43
Let k = 83 + -50. Suppose -4*l = -20, 0*u - 2*u + k = 5*l. Let q = 16 + u. List the prime factors of q.
2, 5
Let o(m) = 782*m + 93. Let c(f) = 521*f + 63. Let b(d) = -7*c(d) + 5*o(d). What are the prime factors of b(2)?
2, 5, 11
Let l(g) be the second derivative of -1/20*g**5 - 2*g**2 - 1/2*g**4 - 11/6*g**3 - 14*g + 0. List the prime factors of l(-7).
2, 61
Suppose 0 = 29*c - 12 - 17. Let j = 5 + -4. What are the prime factors of (13 + -105)*j*c/(-1)?
2, 23
Let b(x) = 2*x**3 + 16*x**2 - 17*x + 12. Let u be b(-9). Suppose 3*l - 1446 = 3*z, -u*l + z + 1030 = -416. What are the prime factors of l?
2, 241
Let p = -6615 + 27146. List the prime factors of p.
7, 419
Let m(k) = 4*k**3 - 10*k**2 + 46*k + 94. List the prime factors of m(10).
2, 1777
Let x = -4040 - -7903. List the prime factors of x.
3863
Suppose 19*k + 47030 = 115601. List the prime factors of k.
3, 401
Suppose 0 = -2*i + 5*i - 2*h - 67, -h - 44 = -2*i. Suppose -r + i = -44. Suppose 2 = -q, -5*j - r = -q - 317. List the prime factors of j.
2, 5
Suppose -63*n + 356897 = 87320. What are the prime factors of n?
11, 389
Suppose 8 = -2*w + 20. Suppose w*u = -2*u + 16. Suppose -3*o = -u*o - 38. List the prime factors of o.
2, 19
Let g(b) = 408*b**2 + 29*b + 133. List the prime factors of g(-8).
3, 13, 23, 29
Let y(j) = -j**3 - 20*j**2 + 9*j - 42. Suppose i + 100 = -4*o - 3*i, o - 5*i + 1 = 0. List the prime factors of y(o).
2, 3, 5, 7
Let u(q) = -83*q - 16. Let m(k) = k**2 - 12*k - 17. Let d be m(13). What are the prime factors of u(d)?
2, 79
Let q = 31024 + -22317. What are the prime factors of q?
8707
Let o = -119 + 119. Suppose -11 = i - s, o*i = -2*i + s - 27. What are the prime factors of (-444)/i*4*(-4)/(-3)?
2, 37
Let x = -5 + 7. Suppose -4*l + 4*f - 442 = -6*l, 444 = x*l + 3*f. Suppose j - l = -2*j. List the prime factors of j.
3, 5
Let i(d) = -d**2 - 13*d + 18. Suppose 3*v - 2*s + 7 + 21 = 0, 2*s = 2*v + 16. What are the prime factors of i(v)?
2, 3, 5
Let p(d) = 995*d + 1328. List the prime factors of p(4).
2, 1327
Let u = 1 - -66. Suppose 7*t - 3*c - 87 = 12*t, -2*c = -t - 7. Let x = t + u. What are the prime factors of x?
2, 13
Suppose 3*p - 12 + 46 = -2*n, 4*n + 20 = -2*p. Let z be -5 - -3 - 22*-2. List the prime factors of p/z - (1 + 2160/(-14)).
3, 17
Let y(c) be the third derivative of -611*c**4/24 - 3*c**3 - 79*c**2. List the prime factors of y(-1).
593
Let v = 8090 + -602. List the prime factors of v.
2, 3, 13
Let n(f) = 18 + 8 - 7 - 9*f + 8*f. Let o be n(3). Let w = 0 + o. What are the prime factors of w?
2
Let k(h) be the first derivative of 7*h**3/3 + 4*h**2 + 3*h + 57. What are the prime factors of k(3)?
2, 3, 5
Let c(f) = -f**3 + 4*f**2 - 3*f + 14. Let s be c(4). Let z(d) = d**2 - 15 - s - d - 4 + 20*d. List the prime factors of z(-21).
3, 7
What are the prime factors of 39 + 10128 + (-110)/(-10)?
2, 7, 727
Let q(z) = 278*z - 108. List the prime factors of q(2).
2, 7
Let q(h) = 6*h**2 - 86*h + 281. List the prime factors of q(-58).
25453
Let q(x) = 1589*x + 1216. What are the prime factors of q(26)?
2, 5, 4253
Let j(a) = -1252*a - 141. What are the prime factors of j(-1)?
11, 101
What are the prime factors of (2/(2/487))/(-4 + (-101)/(-25))?
5, 487
Suppose 0 = -3*o - 5*o + 104. Let r(y) = -3*y + 2*y - 13 - y**2 + o*y. List the prime factors of r(7).
2, 11
Let s = 62 - 60. Suppose 13 = s*w - 29. Suppose w*b = 4*b + 1955. List the prime factors of b.
5, 23
Let s be (1 - (-3)/(-6))/((-2)/(-60)). What are the prime factors of 20/s*(752 - -1)?
2, 251
Suppose 0 = -3*b - 2*b - 295. Let d = 117 + b. Let s = 126 - d. List the prime factors of s.
2, 17
Let i = -20417 + 35611. What are the prime factors of i?
2, 71, 107
Let z = 89 - 87. Suppose z*y - 107 = 65. List the prime factors of y.
2, 43
Suppose 5*d + 2*f = 3868 + 844, 5*d - 4700 = -5*f. Suppose 4*g - 8*g = d. What are the prime factors of g/(-1) + 3 + 16/(-4)?
5, 47
List the prime factors of -118458*1/(-14) - 30/105.
8461
Suppose -5*x - 144637 = -18*x - 31381. List the prime factors of x.
2, 3, 11
Let v(w) = -246*w**3 + 4*w**2 + 32*w + 22. List the prime factors of v(-3).
2, 13, 127
Suppose -13425 = 102*d - 103*d + 4*k, -3*k - 13426 = -d. What are the prime factors of d?
13, 1033
Suppose 84 = 3*w + 3*v, 2*w + 5*v - 54 = 4*v. Let m = w - 18. What are the prime factors of m/(-20) - 164/(-10)?
2
Let p(t) be the first derivative of -t**4/4 - 3*t**3 - 5*t**2 + 16*t - 2. Suppose 256*q - 269*q = 104. List the prime factors of p(q).
2
Let t = 1529 - 1540. Let k(s) = 6 + 6*s - 2*s**2 + 3*s**2 - 2*s. List the prime factors of k(t).
83
Let d(v) = 16*v - 2. Let z be d(1). Let s be 24/36 - z/(-6). Suppose 3 = s*p, 3*t - 7*t - 4*p = -208. What are the prime factors of t?
3, 17
Let x = -366 + 28. Let m = x - -669. List the prime factors of m.
331
Suppose -22*k + 13888 = 600. Let g = k + -84. List the prime factors of g.
2, 5, 13
Let m = 5032 - 1024. Suppose -7*z + 2159 = -m. What are the prime factors of z?
881
Let i(l) = -296*l**3 + l**2 + l - 1. Let g be (-24)/(-16)*(-6)/9*1. List the prime factors of i(g).
5, 59
Suppose 2*q + 3*i - 11712 = 0, -2*q = -6*q + 3*i + 23460. What are the prime factors of q?
2, 3, 977
Let p be (-12)/(6 + -3) + -12 + -6. List the prime factors of p*4/12*(-135)/3.
2, 3, 5, 11
Let i be 8/(-20) - 6542/(-5) - 2. Let g = i - 770. List the prime factors o